{"id":230,"date":"2025-09-26T14:55:33","date_gmt":"2025-09-26T14:55:33","guid":{"rendered":"https:\/\/p3000.info\/?page_id=230"},"modified":"2025-09-26T15:00:02","modified_gmt":"2025-09-26T15:00:02","slug":"el-octavo-petalo","status":"publish","type":"page","link":"https:\/\/p3000.info\/index.php\/el-octavo-petalo\/","title":{"rendered":"El Octavo P\u00e9talo"},"content":{"rendered":"<p>[vc_row full_width=&#8221;stretch_row_content_no_spaces&#8221;][vc_column][vc_single_image image=&#8221;17&#8243; img_size=&#8221;full&#8221;][\/vc_column][\/vc_row][vc_row css=&#8221;.vc_custom_1595189489666{margin-bottom: 20px !important;}&#8221;][vc_column width=&#8221;1\/4&#8243; css=&#8221;.vc_custom_1595189484142{padding-right: 15px !important;padding-bottom: 25px !important;padding-left: 25px !important;}&#8221;][vc_custom_heading text=&#8221;7 P\u00e9talos&#8221; font_container=&#8221;tag:h2|text_align:left|color:%235970b5&#8243; google_fonts=&#8221;font_family:Raleway%3A100%2C200%2C300%2Cregular%2C500%2C600%2C700%2C800%2C900|font_style:800%20bold%20regular%3A800%3Anormal&#8221; css=&#8221;.vc_custom_1595189365997{margin-bottom: 10px !important;padding-top: 15px !important;}&#8221;][vc_widget_sidebar sidebar_id=&#8221;cs-3&#8243;][\/vc_column][vc_column width=&#8221;3\/4&#8243; css=&#8221;.vc_custom_1593959213687{padding-left: 35px !important;}&#8221;][vc_custom_heading text=&#8221;El Octavo P\u00e9talo&#8221; font_container=&#8221;tag:h1|font_size:40px|text_align:left|color:%23555e9c|line_height:50px&#8221; use_theme_fonts=&#8221;yes&#8221; css_animation=&#8221;fadeInUp&#8221;][vc_row_inner css=&#8221;.vc_custom_1595167109404{margin-top: 33px !important;}&#8221;][vc_column_inner][vc_column_text css=&#8221;.vc_custom_1758898573630{padding-left: 0px !important;}&#8221;]Dentro del contexto de la escuela, el 8\u00ba p\u00e9talo es el dedicado a la familia, padres y madres, y tambi\u00e9n a los facilitadores. Es un p\u00e9talo muy especial pues sustenta el desarrollo \u00f3ptimo de los dem\u00e1s p\u00e9talos.<\/p>\n<p>El ni\u00f1o\/a es sostenido por el adulto para su transitar a trav\u00e9s de cada \u00e1rea. Es por ello, que el adulto ha de encontrarse en un estado equilibrado, consciente y honesto, para un acompa\u00f1amiento s\u00f3lido, comprensivo y amoroso.<\/p>\n<p>El 8\u00ba p\u00e9talo es el espacio de los adultos que acompa\u00f1an a la infancia, es decir, es el lugar donde, necesariamente, el adulto se reencuentra, revive y sana su ni\u00f1o\/a interior.<\/p>\n<p>Es un espacio para compartir, entender y reconstruirse. Un lugar de an\u00e1lisis personal y autoconocimiento, desde el amor, la compasi\u00f3n y el perd\u00f3n, as\u00ed como de valoraci\u00f3n de las ra\u00edces familiares y sanaci\u00f3n del legado ancestral.<\/p>\n<p>Es adem\u00e1s un espacio de intercambio y aprendizaje donde hablar sobre crianza y Educaci\u00f3n. En \u00e9l se da un encuentro horizontal y cooperativo para un intercambio nutritivo entre las familias y facilitadores, produci\u00e9ndose tambi\u00e9n un efecto de contenci\u00f3n y colaboraci\u00f3n.<\/p>\n<p>En el 8\u00ba p\u00e9talo el adulto aprende sobre Gesti\u00f3n Emocional y Autoconocimiento, y c\u00f3mo sus acciones y sentires afectan directamente a los comportamientos del ni\u00f1o\/a. Aprende as\u00ed a sostener una sincera comunicaci\u00f3n con \u00e9l mismo y, por ende, con el ni\u00f1o\/a y en la familia, es decir, se involucra y asume una Cultura de Paz desde el hogar a trav\u00e9s de la Comunicaci\u00f3n No Violenta. Adem\u00e1s, el adulto entiende la importancia de SER \u00e9l\/ella mismo\/a y permitir SER a su hijo\/a, favoreciendo que desarrolle plenamente sus dones y talentos, manifestando en armon\u00eda su esencia.<\/p>\n<p>As\u00ed mismo, el facilitador tambi\u00e9n puede realizar crecimiento personal en este espacio, para acompa\u00f1ar al ni\u00f1o\/a en libertad y entendimiento, no desde una jerarqu\u00eda de egos sino desde un intercambio de ense\u00f1anzas basadas en el afecto.<\/p>\n<p>En esta \u00e1rea, el adulto comparte sus experiencias con otros padres, madres y especialistas en Educaci\u00f3n, reflexiona sobre el sentido de la familia y las ra\u00edces, y desarrolla actividades para favorecer una Educaci\u00f3n Consciente.[\/vc_column_text][\/vc_column_inner][\/vc_row_inner][\/vc_column][\/vc_row][vc_row full_width=&#8221;stretch_row_content_no_spaces&#8221; css=&#8221;.vc_custom_1593988254952{background-position: center !important;background-repeat: no-repeat !important;background-size: cover !important;}&#8221;][vc_column][vc_single_image image=&#8221;763&#8243; img_size=&#8221;full&#8221; alignment=&#8221;center&#8221; css_animation=&#8221;slideInUp&#8221; css=&#8221;.vc_custom_1593990541225{margin-bottom: -20px !important;}&#8221;][\/vc_column][\/vc_row]<\/p>\n","protected":false},"excerpt":{"rendered":"<p>[vc_row full_width=&#8221;stretch_row_content_no_spaces&#8221;][vc_column][vc_single_image image=&#8221;17&#8243; img_size=&#8221;full&#8221;][\/vc_column][\/vc_row][vc_row css=&#8221;.vc_custom_1595189489666{margin-bottom: 20px !important;}&#8221;][vc_column width=&#8221;1\/4&#8243; css=&#8221;.vc_custom_1595189484142{padding-right: 15px !important;padding-bottom: 25px !important;padding-left: 25px !important;}&#8221;][vc_custom_heading text=&#8221;7 P\u00e9talos&#8221; font_container=&#8221;tag:h2|text_align:left|color:%235970b5&#8243; google_fonts=&#8221;font_family:Raleway%3A100%2C200%2C300%2Cregular%2C500%2C600%2C700%2C800%2C900|font_style:800%20bold%20regular%3A800%3Anormal&#8221; css=&#8221;.vc_custom_1595189365997{margin-bottom: [&hellip;]<\/p>\n","protected":false},"author":1,"featured_media":0,"parent":0,"menu_order":0,"comment_status":"closed","ping_status":"closed","template":"","meta":{"site-sidebar-layout":"no-sidebar","site-content-layout":"plain-container","ast-site-content-layout":"default","site-content-style":"default","site-sidebar-style":"default","ast-global-header-display":"","ast-banner-title-visibility":"","ast-main-header-display":"","ast-hfb-above-header-display":"","ast-hfb-below-header-display":"","ast-hfb-mobile-header-display":"","site-post-title":"disabled","ast-breadcrumbs-content":"","ast-featured-img":"disabled","footer-sml-layout":"","theme-transparent-header-meta":"default","adv-header-id-meta":"","stick-header-meta":"","header-above-stick-meta":"","header-main-stick-meta":"","header-below-stick-meta":"","astra-migrate-meta-layouts":"set","ast-page-background-enabled":"default","ast-page-background-meta":{"desktop":{"background-color":"var(--ast-global-color-5)","background-image":"","background-repeat":"repeat","background-position":"center center","background-size":"auto","background-attachment":"scroll","background-type":"","background-media":"","overlay-type":"","overlay-color":"","overlay-opacity":"","overlay-gradient":""},"tablet":{"background-color":"","background-image":"","background-repeat":"repeat","background-position":"center center","background-size":"auto","background-attachment":"scroll","background-type":"","background-media":"","overlay-type":"","overlay-color":"","overlay-opacity":"","overlay-gradient":""},"mobile":{"background-color":"","background-image":"","background-repeat":"repeat","background-position":"center center","background-size":"auto","background-attachment":"scroll","background-type":"","background-media":"","overlay-type":"","overlay-color":"","overlay-opacity":"","overlay-gradient":""}},"ast-content-background-meta":{"desktop":{"background-color":"var(--ast-global-color-4)","background-image":"","background-repeat":"repeat","background-position":"center center","background-size":"auto","background-attachment":"scroll","background-type":"","background-media":"","overlay-type":"","overlay-color":"","overlay-opacity":"","overlay-gradient":""},"tablet":{"background-color":"var(--ast-global-color-4)","background-image":"","background-repeat":"repeat","background-position":"center center","background-size":"auto","background-attachment":"scroll","background-type":"","background-media":"","overlay-type":"","overlay-color":"","overlay-opacity":"","overlay-gradient":""},"mobile":{"background-color":"var(--ast-global-color-4)","background-image":"","background-repeat":"repeat","background-position":"center center","background-size":"auto","background-attachment":"scroll","background-type":"","background-media":"","overlay-type":"","overlay-color":"","overlay-opacity":"","overlay-gradient":""}},"footnotes":""},"class_list":["post-230","page","type-page","status-publish","hentry"],"_links":{"self":[{"href":"https:\/\/p3000.info\/index.php\/wp-json\/wp\/v2\/pages\/230","targetHints":{"allow":["GET"]}}],"collection":[{"href":"https:\/\/p3000.info\/index.php\/wp-json\/wp\/v2\/pages"}],"about":[{"href":"https:\/\/p3000.info\/index.php\/wp-json\/wp\/v2\/types\/page"}],"author":[{"embeddable":true,"href":"https:\/\/p3000.info\/index.php\/wp-json\/wp\/v2\/users\/1"}],"replies":[{"embeddable":true,"href":"https:\/\/p3000.info\/index.php\/wp-json\/wp\/v2\/comments?post=230"}],"version-history":[{"count":3,"href":"https:\/\/p3000.info\/index.php\/wp-json\/wp\/v2\/pages\/230\/revisions"}],"predecessor-version":[{"id":232,"href":"https:\/\/p3000.info\/index.php\/wp-json\/wp\/v2\/pages\/230\/revisions\/232"}],"wp:attachment":[{"href":"https:\/\/p3000.info\/index.php\/wp-json\/wp\/v2\/media?parent=230"}],"curies":[{"name":"wp","href":"https:\/\/api.w.org\/{rel}","templated":true}]}}