{"id":507,"date":"2026-04-20T16:25:03","date_gmt":"2026-04-20T16:25:03","guid":{"rendered":"https:\/\/p3000.info\/?page_id=507"},"modified":"2026-04-20T16:25:03","modified_gmt":"2026-04-20T16:25:03","slug":"informes","status":"publish","type":"page","link":"https:\/\/p3000.info\/index.php\/informes\/","title":{"rendered":"Informes"},"content":{"rendered":"<p>[vc_row][vc_column][vc_separator color=&#8221;blue&#8221; border_width=&#8221;2&#8243;][vc_custom_heading text=&#8221;Informes&#8221; font_container=&#8221;tag:h1|font_size:40px|text_align:center|line_height:50px&#8221; use_theme_fonts=&#8221;yes&#8221; css_animation=&#8221;fadeInUp&#8221;][\/vc_column][\/vc_row][vc_row][vc_column width=&#8221;1\/2&#8243;][vc_single_image image=&#8221;511&#8243; img_size=&#8221;large&#8221;][\/vc_column][vc_column width=&#8221;1\/2&#8243;][vc_custom_heading text=&#8221;2026&#8243; google_fonts=&#8221;font_family:Raleway%3A100%2C200%2C300%2Cregular%2C500%2C600%2C700%2C800%2C900|font_style:400%20regular%3A400%3Anormal&#8221;][vc_column_text css=&#8221;.vc_custom_1776701129561{margin-top: 20px !important;}&#8221;]<a href=\"https:\/\/p40005000.info\/boletin\/2026\/Circular_96_2026.html\" target=\"_blank\" rel=\"noopener\">Informe de los eventos de Pedagooogia 3000 en Ecuador, Marzo\/abril 2026<\/a>[\/vc_column_text][vc_custom_heading text=&#8221;2025&#8243; google_fonts=&#8221;font_family:Raleway%3A100%2C200%2C300%2Cregular%2C500%2C600%2C700%2C800%2C900|font_style:400%20regular%3A400%3Anormal&#8221;][vc_column_text]<a href=\"https:\/\/p40005000.info\/boletin\/2025\/Circular_95_2025.html\" target=\"_blank\" rel=\"noopener\">Pedagooogia 3000 4000 5000, \u00bfQu\u00e9 pas\u00f3 en 2025?<\/a>[\/vc_column_text][vc_column_text]<a href=\"https:\/\/p40005000.info\/boletin\/2025\/Circular_94_2025.html\" target=\"_blank\" rel=\"noopener\">Informe de los eventos en M\u00e9xico, Agosto 2025<\/a>[\/vc_column_text][vc_column_text css=&#8221;.vc_custom_1776700031976{margin-top: 20px !important;}&#8221;]<a href=\"https:\/\/p40005000.info\/boletin\/2025\/Circular_93_2025.html\" target=\"_blank\" rel=\"noopener\">Informe de los eventos en los Estados Unidos y M\u00e9xico,\u00a0(1ra parte) Julio 2025<\/a>[\/vc_column_text][vc_column_text css=&#8221;.vc_custom_1776700087841{margin-top: 20px !important;}&#8221;]<a href=\"https:\/\/p40005000.info\/boletin\/2025\/Circular_92_2025.html\" target=\"_blank\" rel=\"noopener\">Informe Gira Argentina y Uruguay 2025<\/a>[\/vc_column_text][vc_column_text css=&#8221;.vc_custom_1776700139017{margin-top: 20px !important;}&#8221;]<a href=\"https:\/\/p40005000.info\/boletin\/2025\/Circular_91_2025.html\" target=\"_blank\" rel=\"noopener\">Bolet\u00edn P3000 4000 5000, D\u00f3nde estar\u00e1 Noemi,\u00a0en 2025 \/ 2026<\/a>[\/vc_column_text][vc_column_text css=&#8221;.vc_custom_1776700233072{margin-top: 20px !important;}&#8221;]<a href=\"https:\/\/p40005000.info\/boletin\/2025\/Circular_90_2025.html\" target=\"_blank\" rel=\"noopener\">Gira de Noemi Paymal en Argentina &#8211; Uruguay, Abril 2025<\/a>[\/vc_column_text][vc_column_text css=&#8221;.vc_custom_1776700286745{margin-top: 20px !important;}&#8221;]<a href=\"https:\/\/p40005000.info\/boletin\/2025\/Circular_89_2025.html\" target=\"_blank\" rel=\"noopener\">CULTURA DE PAZ 3000, Febrero 2025\u00a0<\/a>[\/vc_column_text][vc_custom_heading text=&#8221;2024&#8243; google_fonts=&#8221;font_family:Raleway%3A100%2C200%2C300%2Cregular%2C500%2C600%2C700%2C800%2C900|font_style:400%20regular%3A400%3Anormal&#8221;][vc_column_text css=&#8221;.vc_custom_1776700338513{margin-top: 20px !important;}&#8221;]<a href=\"https:\/\/p40005000.info\/boletin\/2025\/Circular_88_2025.html\" target=\"_blank\" rel=\"noopener\">Informe de los eventos de Pedagooogia 3000 realizados en 2024\u00a0<\/a>[\/vc_column_text][vc_column_text css=&#8221;.vc_custom_1776700415152{margin-top: 20px !important;}&#8221;]<\/p>\n<div><a href=\"https:\/\/p40005000.info\/boletin\/2024\/Circular_87_2024.html\" target=\"_blank\" rel=\"noopener\">Informe General 2024 de Pedagooogia 3000 4000 5000<\/a><\/div>\n<p>[\/vc_column_text][vc_column_text css=&#8221;.vc_custom_1776700468896{margin-top: 20px !important;}&#8221;]<a href=\"https:\/\/p40005000.info\/boletin\/2024\/Circular_86_2024.html\" target=\"_blank\" rel=\"noopener\">Informe Gira Pedagooogia 3000 4000 5000 en Colombia, Noviembre y Diciembre del 2024<\/a>[\/vc_column_text][vc_column_text css=&#8221;.vc_custom_1776700526905{margin-top: 20px !important;}&#8221;]<a href=\"https:\/\/p40005000.info\/boletin\/2024\/Circular_85_2024.html\" target=\"_blank\" rel=\"noopener\">Aqu\u00ed los avances de la reuni\u00f3n internacional de oficina de Pedagooogia 3000 4000 5000, Julio 2024<\/a>[\/vc_column_text][vc_column_text css=&#8221;.vc_custom_1776700578537{margin-top: 20px !important;}&#8221;]<a href=\"https:\/\/p40005000.info\/boletin\/2024\/Circular_84_2024.html\" target=\"_blank\" rel=\"noopener\">Pedagooogia 3000, Invitaci\u00f3n para Julio 2024<\/a>[\/vc_column_text][vc_column_text css=&#8221;.vc_custom_1776700656065{margin-top: 20px !important;}&#8221;]<a href=\"https:\/\/p40005000.info\/boletin\/2024\/Circular_83_2024.html\" target=\"_blank\" rel=\"noopener\">Pedagooogia 3000 4000 5000 &#8211; Cursos 1er Semestre 2024 ,enero 2024<\/a>[\/vc_column_text][vc_custom_heading text=&#8221;2023&#8243; google_fonts=&#8221;font_family:Raleway%3A100%2C200%2C300%2Cregular%2C500%2C600%2C700%2C800%2C900|font_style:400%20regular%3A400%3Anormal&#8221;][vc_column_text css=&#8221;.vc_custom_1776700870384{margin-top: 20px !important;}&#8221;]<a href=\"https:\/\/p40005000.info\/boletin\/2023\/Circular_82_2023.html\" target=\"_blank\" rel=\"noopener\">Informe 2023 de Pedagooogia 3000 4000 5000<\/a>[\/vc_column_text][vc_custom_heading text=&#8221;2022&#8243; google_fonts=&#8221;font_family:Raleway%3A100%2C200%2C300%2Cregular%2C500%2C600%2C700%2C800%2C900|font_style:400%20regular%3A400%3Anormal&#8221;][vc_column_text css=&#8221;.vc_custom_1776701041137{margin-top: 20px !important;}&#8221;]<\/p>\n<div><a href=\"https:\/\/p40005000.info\/boletin\/2022\/Circular_01_2022.html\" target=\"_blank\" rel=\"noopener\">Informe Gira Argentina, julio 2022<\/a><\/div>\n<p>[\/vc_column_text][vc_column_text css=&#8221;.vc_custom_1776700985761{margin-top: 20px !important;}&#8221;]<a href=\"https:\/\/p40005000.info\/boletin\/2022\/Circular_81_2022.html\" target=\"_blank\" rel=\"noopener\">Informe Gira de M\u00e9xico y Colombia, noviembre y diciembre del 2022<\/a>[\/vc_column_text][\/vc_column][\/vc_row][vc_row][vc_column][vc_separator color=&#8221;blue&#8221; border_width=&#8221;2&#8243;][\/vc_column][\/vc_row][vc_row][vc_column width=&#8221;2\/3&#8243; css=&#8221;.vc_custom_1762446062766{background-color: #bceeff !important;}&#8221;][vc_column_text]<span class=\"HwtZe\" lang=\"es\"><span class=\"jCAhz ChMk0b\"><span class=\"ryNqvb\">Hola, mi nombre es Noemi Paymal, soy antrop\u00f3loga y presidenta de P3000, y tengo el honor de presentarles nuestros proyectos de Educatiooon\/Pedagooogia 3000 4000 5000 para la Paz.<\/span><\/span> <span class=\"jCAhz ChMk0b\"><span class=\"ryNqvb\">Nuestro objetivo es contribuir a la reconstrucci\u00f3n conjunta de una nueva sociedad, basada en la cultura de la paz y la solidaridad, a trav\u00e9s de una educaci\u00f3n integral, proactiva y divertida.<\/span><\/span><\/span>[\/vc_column_text][\/vc_column][vc_column width=&#8221;1\/3&#8243; css=&#8221;.vc_custom_1762446071110{background-color: #bceeff !important;}&#8221;][vc_column_text]<strong><span class=\"HwtZe\" lang=\"es\"><span class=\"jCAhz ChMk0b\"><span class=\"ryNqvb\">Invita a un caf\u00e9 a:<\/span><\/span><\/span> <span class=\"kfds-font-bold kfds-font-size-16 text-limit-one-line\">Pedagooogia 3000<\/span><\/strong>[\/vc_column_text][vc_column_text]<script type='text\/javascript' src='https:\/\/storage.ko-fi.com\/cdn\/widget\/Widget_2.js'><\/script><script type='text\/javascript'>kofiwidget2.init('Support me on Ko-fi', '#154496', 'L4L11K045A');kofiwidget2.draw();<\/script> [\/vc_column_text][\/vc_column][\/vc_row]<\/p>\n","protected":false},"excerpt":{"rendered":"<p>[vc_row][vc_column][vc_separator color=&#8221;blue&#8221; border_width=&#8221;2&#8243;][vc_custom_heading text=&#8221;Informes&#8221; font_container=&#8221;tag:h1|font_size:40px|text_align:center|line_height:50px&#8221; use_theme_fonts=&#8221;yes&#8221; css_animation=&#8221;fadeInUp&#8221;][\/vc_column][\/vc_row][vc_row][vc_column width=&#8221;1\/2&#8243;][vc_single_image image=&#8221;511&#8243; img_size=&#8221;large&#8221;][\/vc_column][vc_column width=&#8221;1\/2&#8243;][vc_custom_heading text=&#8221;2026&#8243; google_fonts=&#8221;font_family:Raleway%3A100%2C200%2C300%2Cregular%2C500%2C600%2C700%2C800%2C900|font_style:400%20regular%3A400%3Anormal&#8221;][vc_column_text css=&#8221;.vc_custom_1776701129561{margin-top: 20px !important;}&#8221;]Informe de los eventos de [&hellip;]<\/p>\n","protected":false},"author":1,"featured_media":0,"parent":0,"menu_order":0,"comment_status":"closed","ping_status":"closed","template":"","meta":{"site-sidebar-layout":"default","site-content-layout":"plain-container","ast-site-content-layout":"default","site-content-style":"default","site-sidebar-style":"default","ast-global-header-display":"","ast-banner-title-visibility":"","ast-main-header-display":"","ast-hfb-above-header-display":"","ast-hfb-below-header-display":"","ast-hfb-mobile-header-display":"","site-post-title":"disabled","ast-breadcrumbs-content":"","ast-featured-img":"","footer-sml-layout":"","theme-transparent-header-meta":"default","adv-header-id-meta":"","stick-header-meta":"","header-above-stick-meta":"","header-main-stick-meta":"","header-below-stick-meta":"","astra-migrate-meta-layouts":"set","ast-page-background-enabled":"default","ast-page-background-meta":{"desktop":{"background-color":"var(--ast-global-color-5)","background-image":"","background-repeat":"repeat","background-position":"center center","background-size":"auto","background-attachment":"scroll","background-type":"","background-media":"","overlay-type":"","overlay-color":"","overlay-opacity":"","overlay-gradient":""},"tablet":{"background-color":"","background-image":"","background-repeat":"repeat","background-position":"center center","background-size":"auto","background-attachment":"scroll","background-type":"","background-media":"","overlay-type":"","overlay-color":"","overlay-opacity":"","overlay-gradient":""},"mobile":{"background-color":"","background-image":"","background-repeat":"repeat","background-position":"center center","background-size":"auto","background-attachment":"scroll","background-type":"","background-media":"","overlay-type":"","overlay-color":"","overlay-opacity":"","overlay-gradient":""}},"ast-content-background-meta":{"desktop":{"background-color":"var(--ast-global-color-4)","background-image":"","background-repeat":"repeat","background-position":"center center","background-size":"auto","background-attachment":"scroll","background-type":"","background-media":"","overlay-type":"","overlay-color":"","overlay-opacity":"","overlay-gradient":""},"tablet":{"background-color":"var(--ast-global-color-4)","background-image":"","background-repeat":"repeat","background-position":"center center","background-size":"auto","background-attachment":"scroll","background-type":"","background-media":"","overlay-type":"","overlay-color":"","overlay-opacity":"","overlay-gradient":""},"mobile":{"background-color":"var(--ast-global-color-4)","background-image":"","background-repeat":"repeat","background-position":"center center","background-size":"auto","background-attachment":"scroll","background-type":"","background-media":"","overlay-type":"","overlay-color":"","overlay-opacity":"","overlay-gradient":""}},"footnotes":""},"class_list":["post-507","page","type-page","status-publish","hentry"],"_links":{"self":[{"href":"https:\/\/p3000.info\/index.php\/wp-json\/wp\/v2\/pages\/507","targetHints":{"allow":["GET"]}}],"collection":[{"href":"https:\/\/p3000.info\/index.php\/wp-json\/wp\/v2\/pages"}],"about":[{"href":"https:\/\/p3000.info\/index.php\/wp-json\/wp\/v2\/types\/page"}],"author":[{"embeddable":true,"href":"https:\/\/p3000.info\/index.php\/wp-json\/wp\/v2\/users\/1"}],"replies":[{"embeddable":true,"href":"https:\/\/p3000.info\/index.php\/wp-json\/wp\/v2\/comments?post=507"}],"version-history":[{"count":5,"href":"https:\/\/p3000.info\/index.php\/wp-json\/wp\/v2\/pages\/507\/revisions"}],"predecessor-version":[{"id":513,"href":"https:\/\/p3000.info\/index.php\/wp-json\/wp\/v2\/pages\/507\/revisions\/513"}],"wp:attachment":[{"href":"https:\/\/p3000.info\/index.php\/wp-json\/wp\/v2\/media?parent=507"}],"curies":[{"name":"wp","href":"https:\/\/api.w.org\/{rel}","templated":true}]}}